{"id":1637,"date":"2022-02-14T19:29:40","date_gmt":"2022-02-14T15:29:40","guid":{"rendered":"https:\/\/aeroponics.one\/?post_type=product&#038;p=1637"},"modified":"2024-05-08T14:06:10","modified_gmt":"2024-05-08T10:06:10","slug":"water-pump-iot-controller","status":"publish","type":"product","link":"https:\/\/aeroponics.one\/?product=water-pump-iot-controller","title":{"rendered":"LE IoT-CONTROLEUR DE POMPE"},"content":{"rendered":"<hr \/>\n<div class=\"csRow\"><\/div>\n<div class=\"csRow\">\n<div class=\"csColumnGap\" style=\"margin: 0px; padding: 0px; float: left; width: 1.56%;\"><img decoding=\"async\" style=\"border: none;\" src=\"http:\/\/aeroponics.one\/wp-content\/plugins\/advanced-wp-columns\/assets\/js\/plugins\/views\/img\/1x1-pixel.png\" \/><\/div>\n<div class=\"csColumn\" style=\"margin: 0px; padding: 0px; float: left; width: 14.2%;\" data-csstartpoint=\"15\" data-csendpoint=\"151.5\" data-cswidth=\"14.2%\" data-csid=\"303572ae-e41f-0d29-b6aa-a93d18b4de26\">\n<p><img loading=\"lazy\" decoding=\"async\" class=\"alignnone size-full wp-image-494\" src=\"http:\/\/aeroponics.one\/wp-content\/uploads\/2022\/01\/Water Pump_RADIO-CONTROLLER_User_Manual_thumbnail.jpg\" alt=\"\" width=\"71\" height=\"100\" \/><\/p>\n<\/div>\n<div class=\"csColumnGap\" style=\"margin: 0px; padding: 0px; float: left; width: 2.92%;\"><img decoding=\"async\" style=\"border: none;\" src=\"http:\/\/aeroponics.one\/wp-content\/plugins\/advanced-wp-columns\/assets\/js\/plugins\/views\/img\/1x1-pixel.png\" \/><\/div>\n<div class=\"csColumn\" style=\"margin: 0px; padding: 0px; float: left; width: 79.7%;\" data-csstartpoint=\"179.5\" data-csendpoint=\"945\" data-cswidth=\"79.7%\" data-csid=\"0b7f9d56-b5af-7708-8256-8efe23f5ad24\">\n<div class='w3eden'><!-- WPDM Link Template: Default Template -->\n\n<div class=\"link-template-default card mb-2\">\n    <div class=\"card-body\">\n        <div class=\"media\">\n            <div class=\"mr-3 img-48\"><img decoding=\"async\" class=\"wpdm_icon\" alt=\"Icon\"   src=\"https:\/\/aeroponics.one\/wp-content\/plugins\/download-manager\/assets\/file-type-icons\/pdf.png\" \/><\/div>\n            <div class=\"media-body\">\n                <h3 class=\"package-title\"><a href='https:\/\/aeroponics.one\/?wpdmpro=water-pump_radio-controller_user_manual'>Water pump_RADIO-CONTROLLER_User_Manual<\/a><\/h3>\n                <div class=\"text-muted text-small\"><i class=\"fas fa-copy\"><\/i> 1 file(s) <i class=\"fas fa-hdd ml-3\"><\/i> 5.7 MB<\/div>\n            <\/div>\n            <div class=\"ml-3\">\n                <a class='wpdm-download-link download-on-click btn btn-primary ' rel='nofollow' href='#' data-downloadurl=\"https:\/\/aeroponics.one\/?wpdmpro=water-pump_radio-controller_user_manual&wpdmdl=452&refresh=69f399e85042b1777572328\">Download<\/a>\n            <\/div>\n        <\/div>\n    <\/div>\n<\/div>\n\n<\/div>\n<\/div>\n<div class=\"csColumnGap\" style=\"margin: 0px; padding: 0px; float: left; width: 1.56%;\"><img decoding=\"async\" style=\"border: none;\" src=\"http:\/\/aeroponics.one\/wp-content\/plugins\/advanced-wp-columns\/assets\/js\/plugins\/views\/img\/1x1-pixel.png\" \/><\/div>\n<div style=\"clear: both; float: none; display: block; visibility: hidden; width: 0px; font-size: 0px; line-height: 0;\"><\/div>\n<\/div>\n<hr \/>\n<p>L&#8217;information sur la consommation totale d&#8217;eau pour le cycle d&#8217;arrosage pr\u00e9c\u00e9dent est \u00e9galement affich\u00e9e dans le menu MA FERME. Le contr\u00f4ller-radio est plac\u00e9 dans un bo\u00eetier sur rail DIN et est aliment\u00e9 en 220V AC. Le contr\u00f4leur peut contr\u00f4ler le d\u00e9marreur \u00e9lectromagn\u00e9tique d&#8217;une pompe biphas\u00e9e et triphas\u00e9e.<\/p>\n<p><span style=\"color: #00ccff;\">La communication entre RADIO-CONTROLLER et Lo-Ra ROUTER s&#8217;effectue via un canal radio.<\/span><\/p>\n<p>Les modes de contr\u00f4le de la pompe:<\/p>\n<ul>\n<li>Mise en marche et arr\u00eat de la pompe sur commande.<\/li>\n<li>La p\u00e9riode et la dur\u00e9e d&#8217;arrosage sont fix\u00e9es par le programme d&#8217;arrosage que l&#8217;Utilisateur a cr\u00e9\u00e9 sur sa page. Le contr\u00f4ller-radio re\u00e7oit l&#8217;information sur le programme d&#8217;arrosage et fonctionne de mani\u00e8re autonome jusqu&#8217;\u00e0 ce qu&#8217;un nouveau programme soit re\u00e7u. C&#8217;est-\u00e0-dire que m\u00eame si la connexion avec le serveur-IoT est interrompue, il &#8216;y aura pas d&#8217;\u00e9chec dans l&#8217;arrosage des plantes.<\/li>\n<li>La synchroisation du fonctionnement de la pompe avec les vannes d&#8217;irrigation. Vous avez la possibilit\u00e9 de synchroniser la pompe marche\/arr\u00eat lors de l&#8217;ouverture\/fermeture d&#8217;une vanne ou des vannes.<\/li>\n<\/ul>\n","protected":false},"excerpt":{"rendered":"<p>Le Contr\u00f4ller-Radio cotr\u00f4le le marche\/arr\u00eat de la pompe. Le Contr\u00f4ller-Radio re\u00e7oit des donn\u00e9es du Capteur de d\u00e9pit et envoie l&#8217;information au Routeur LoRa, puis au serveur IoT (Internet-Of-Things). Le SERVEUR-IoT analyse ces donn\u00e9es et l&#8217;information sur la consommation d&#8217;eau actuelle est affich\u00e9e dans le menu MA FERME.<\/p>\n<p>Pay by Visa\/Mastercard<br \/>\n<a href=\"https:\/\/www.globlink.ge\/?product=water-pump-iot-controller\"><img loading=\"lazy\" decoding=\"async\" class=\"alignnone size-full wp-image-2465\" src=\"http:\/\/aeroponics.one\/wp-content\/uploads\/2020\/06\/Visa_MC-logo.png\" alt=\"\" width=\"200\" height=\"60\" \/><\/a><\/p>\n","protected":false},"featured_media":1638,"template":"","meta":[],"product_brand":[],"product_cat":[292],"product_tag":[],"class_list":{"0":"post-1637","1":"product","2":"type-product","3":"status-publish","4":"has-post-thumbnail","6":"product_cat-iot-equipment-fr","8":"first","9":"instock","10":"shipping-taxable","11":"purchasable","12":"product-type-simple"},"_links":{"self":[{"href":"https:\/\/aeroponics.one\/index.php?rest_route=\/wp\/v2\/product\/1637","targetHints":{"allow":["GET"]}}],"collection":[{"href":"https:\/\/aeroponics.one\/index.php?rest_route=\/wp\/v2\/product"}],"about":[{"href":"https:\/\/aeroponics.one\/index.php?rest_route=\/wp\/v2\/types\/product"}],"wp:featuredmedia":[{"embeddable":true,"href":"https:\/\/aeroponics.one\/index.php?rest_route=\/wp\/v2\/media\/1638"}],"wp:attachment":[{"href":"https:\/\/aeroponics.one\/index.php?rest_route=%2Fwp%2Fv2%2Fmedia&parent=1637"}],"wp:term":[{"taxonomy":"product_brand","embeddable":true,"href":"https:\/\/aeroponics.one\/index.php?rest_route=%2Fwp%2Fv2%2Fproduct_brand&post=1637"},{"taxonomy":"product_cat","embeddable":true,"href":"https:\/\/aeroponics.one\/index.php?rest_route=%2Fwp%2Fv2%2Fproduct_cat&post=1637"},{"taxonomy":"product_tag","embeddable":true,"href":"https:\/\/aeroponics.one\/index.php?rest_route=%2Fwp%2Fv2%2Fproduct_tag&post=1637"}],"curies":[{"name":"wp","href":"https:\/\/api.w.org\/{rel}","templated":true}]}}